{"id":34,"date":"2026-05-12T02:47:18","date_gmt":"2026-05-12T00:47:18","guid":{"rendered":"https:\/\/stongdal.se\/?page_id=34"},"modified":"2026-05-12T04:20:20","modified_gmt":"2026-05-12T02:20:20","slug":"gustaf-rossi","status":"publish","type":"page","link":"https:\/\/stongdal.se\/?page_id=34","title":{"rendered":"Gustaf Rossi"},"content":{"rendered":"\n<p>Vad roligt att du vill veta mer om mig. Jag \u00e4r 30 \u00e5r och kommer fr\u00e5n Kalmar.<\/p>\n\n\n\n<h2 class=\"wp-block-heading\">Min historia<\/h2>\n\n\n\n<figure class=\"wp-block-image alignright size-full is-resized\"><img loading=\"lazy\" decoding=\"async\" width=\"1000\" height=\"1000\" src=\"https:\/\/stongdal.se\/wp-content\/uploads\/2026\/05\/600202735_32887034370911343_8724488701744861625_n.jpg\" alt=\"Gustaf Rossi profilbild\" class=\"wp-image-40\" style=\"width:430px;height:auto\" srcset=\"https:\/\/stongdal.se\/wp-content\/uploads\/2026\/05\/600202735_32887034370911343_8724488701744861625_n.jpg 1000w, https:\/\/stongdal.se\/wp-content\/uploads\/2026\/05\/600202735_32887034370911343_8724488701744861625_n-300x300.jpg 300w, https:\/\/stongdal.se\/wp-content\/uploads\/2026\/05\/600202735_32887034370911343_8724488701744861625_n-150x150.jpg 150w\" sizes=\"auto, (max-width: 1000px) 100vw, 1000px\" \/><\/figure>\n\n\n\n<p>Jag f\u00f6ddes den nionde december 1995, en l\u00f6rdag. Som barn var jag ofta tystl\u00e5ten och l\u00e4tt att gl\u00f6mma bort. Jag gillade jag att bygga med lego och konstruera saker. En av mina favoritleksaker var lyftkranar som jag hade flera stycken av.<\/p>\n\n\n\n<p>I augusti 2001 b\u00f6rjade jag p\u00e5 Lindsdalsskolan i Kalmar. Jag fick snabbt upp intresset f\u00f6r att skriva mina egna ber\u00e4ttelser. I \u00e5rskurs tv\u00e5 skrev jag min f\u00f6rsta ber\u00e4ttelse som senare skulle utvecklas till romanen Assar Boss.<\/p>\n\n\n\n<p>Tidigt fanns intresset f\u00f6r ber\u00e4ttande och det som skulle forma mig till att bli den person jag \u00e4r som vuxen. H\u00e4r f\u00e5r du veta mer om min historia fr\u00e5n en pojke i en f\u00f6rort till Kalmar till f\u00f6rfattare, journalist och medieproducent.<\/p>\n\n\n\n<h2 class=\"wp-block-heading\">Grundskole\u00e5ren (2001 &#8211; 2011)<\/h2>\n\n\n\n<p>Mina \u00e5r i grundskolan bestod av hitta min identitet. P\u00e5 min skola var pojkarna uppdelade i tv\u00e5 l\u00e4ger, de som var sportintresserade (fr\u00e4mst fotboll) och de som h\u00f6ll p\u00e5 med datorer (mest datorspel). Jag visste tidigt att sport inte var min grej och idrottslektionerna fanns jag v\u00e4ldigt l\u00e5ngtr\u00e5kiga. Ist\u00e4llet spelade jag mycket datorspel. I b\u00f6rjan var mina favoriter, The Sims och Mulle Meck. Men jag spelade \u00e4ven n\u00e5gra av mina f\u00f6r\u00e4ldrars favoriter, Indiana Jones and the Infernal Machine och Diablo 2. P\u00e5 s\u00e5 vis b\u00f6rjade jag ocks\u00e5 tidigt utveckla goda kunskaper i engelska.<\/p>\n\n\n\n<p><br>P\u00e5 h\u00f6gstadietiden hade jag v\u00e4ldigt l\u00e4tt f\u00f6r matematik, kemi och biologi. Gymnasievalet var d\u00e4rmed inte sv\u00e5rt, det stod mellan Natur eller Teknik. P\u00e5 grund av mitt datorintresse valde jag teknik d\u00e4r jag visste jag skulle f\u00e5 h\u00e5lla p\u00e5 mer med datavetenskap.<\/p>\n\n\n\n<h2 class=\"wp-block-heading\">Min tid p\u00e5 Lars Kaggskolan (2011-2014)<\/h2>\n\n\n\n<p>Under gymnasietiden spenderades mycket tid med att spela datorspel, umg\u00e5s med likasinnade v\u00e4nner och installera datorer. Sommrarna spenderades med att jobba med webbutveckling och databaser p\u00e5 ett datorf\u00f6retag. Mitt f\u00f6rsta \u00e5r p\u00e5 gymnasiet spenderades \u00e4ven med att skriva min f\u00f6rsta roman, Assar Boss: Demonherrarnas \u00e5terkomst.<\/p>\n\n\n\n<p><br>Mitt andra gymnasie\u00e5r bestod av mycket programmering, webbdesign och bildbehandling. N\u00e4r jag skulle v\u00e4lja mitt tredje \u00e5r valde jag att inrikta mig mer mot grafik och foto. Framtiden var vid slutet av 2013 os\u00e4ker. Under denna tiden h\u00f6ll jag \u00e4ven p\u00e5 att ta mitt k\u00f6rkort. Jag hade tankeg\u00e5ngar p\u00e5 att l\u00e4sa n\u00e5got civilingenj\u00f6rsprogram i n\u00e5gon annan stad \u00e4n Kalmar.<\/p>\n\n\n\n<p><br>V\u00e5ren 2014 hade jag mina sista gymanasiekurser, bland annat en kurs i videoproduktion. Under den kursen fick jag mycket motivation fr\u00e5n min l\u00e4rare som tyckte jag hade talang f\u00f6r video. Jag k\u00e4nde \u00e4ven sj\u00e4lv att det var n\u00e5got jag ville forts\u00e4tta att syssla med. Det var \u00e4ven under v\u00e5ren 2014 jag startade upp min Youtube-kanal. N\u00e4r h\u00f6gskolevalet h\u00f6sten 2014 gjordes, valde jag d\u00e4rf\u00f6r att forts\u00e4tta mitt sp\u00e5r i medieteknik.<\/p>\n\n\n\n<h2 class=\"wp-block-heading\">Efter gymnasiet och Journalistprogrammet (2014-2018)<\/h2>\n\n\n\n<p><br>Efter att jag tog studenten b\u00f6rjade jag l\u00e4sa medieteknik i V\u00e4xj\u00f6. Jag ins\u00e5g snabbt att det inte var i n\u00e4rheten av vad jag trodde. Jag hade sv\u00e5rt att k\u00e4nna koppling till kurskamraterna och var inte intresserade av vad jag l\u00e4sde. N\u00e4r h\u00f6gskolevalet f\u00f6r 2015 \u00f6ppnade, s\u00f6kte jag in p\u00e5 Journalistprogrammet i Kalmar.<\/p>\n\n\n\n<p><br>Jag blev antagen p\u00e5 andra urvalet i augusti 2015 och b\u00f6rjade senare samma m\u00e5nad. Den h\u00e4r g\u00e5ngen ins\u00e5g jag att jag hade hamnat r\u00e4tt. Det var l\u00e4ttare att f\u00e5 kontakt med likasinnade. Under programmets g\u00e5ng fick jag \u00e4ven anst\u00e4llning p\u00e5 Kalmars lokaltidning Barometern.<\/p>\n\n\n\n<p><br>H\u00f6sten 2017 skrev jag min uppsats vilket startade mitt intresse f\u00f6r h\u00f6gre akademiska studier. V\u00e5ren 2018 gjorde jag praktik p\u00e5 Teveprojektet d\u00e4r jag spelade in tv\u00e5 spelfilmer. Det var d\u00e5 jag b\u00f6rjade s\u00f6ka efter att forts\u00e4tta mina studier p\u00e5 masterniv\u00e5. Jag blev efter min examen antagen till ett masterprogram i Malm\u00f6.<\/p>\n\n\n\n<h2 class=\"wp-block-heading\">Efter examen och pandemi\u00e5ren (2019-2022)<\/h2>\n\n\n\n<p>Efter examen och pandemi\u00e5ren<\/p>\n\n\n\n<h2 class=\"wp-block-heading\">Min yrkeskarri\u00e4r (2023-2026)<\/h2>\n\n\n\n<p>Min yrkeskarri\u00e4r.<\/p>\n\n\n\n<h2 class=\"wp-block-heading\">Idag<\/h2>\n\n\n\n<p>Min passion ligger fr\u00e4mst inom r\u00f6rlig bild och VFX, men jag har \u00e4ven ytterligare intressen inom fotografering, layout, typografi, webbdesign och kommunikation\/sociala medier.<\/p>\n\n\n\n<p><br>Jag har magisterexamen i medie- och kommunikationsvetenskap. Jag har \u00e4ven skaffat mig erfarenhet i teveproduktion. Jag har arbetat p\u00e5 tv\u00e5 produktionsbolag med totalt tre produktioner. Ut\u00f6ver detta har jag \u00e4ven erfarenhet av redaktionellt arbete fr\u00e5n dagstidningen Barometern Oskarshamn-tidningen.<\/p>\n\n\n\n<p><br>P\u00e5 fritiden sysslar jag g\u00e4rna med fotografering, egna studier, gymmet och turf som du kan l\u00e4sa mer om under projektfliken.<br>Verkar jag intressant f\u00f6r ditt f\u00f6retag eller organisation. H\u00f6r g\u00e4rna av dig om du vill veta mer om mig.<\/p>\n\n\n\n<h2 class=\"wp-block-heading\">Trivial fakta<\/h2>\n\n\n\n<p>* Myers Briggs persontyp: ISTJ (Introverted Sensing Thinking Judging <a href=\"http:\/\/www.16personalities.com\/istj-personality\">Ytterligare information om en ISTJ<\/a><br>* Harry Potter-elevhem: Ravenclaw<br>* Har f\u00f6rm\u00e5gan att klardr\u00f6mma. Bli medeveten att man dr\u00f6mmer under en dr\u00f6m <a href=\"http:\/\/www.worldofluciddreaming.com\">Ytterligare information om klardr\u00f6mmar<\/a><br>* Kan spela piano<br>* Gillar att bes\u00f6ka gymmet, det andra hemmet<\/p>\n\n\n\n<p><\/p>\n","protected":false},"excerpt":{"rendered":"<p>Vad roligt att du vill veta mer om mig. Jag \u00e4r 30 \u00e5r och kommer fr\u00e5n Kalmar. Min historia Jag f\u00f6ddes den nionde december 1995, en l\u00f6rdag. Som barn var jag ofta tystl\u00e5ten och l\u00e4tt att gl\u00f6mma bort. Jag gillade jag att bygga med lego och konstruera saker. En av mina favoritleksaker var lyftkranar som &hellip; <\/p>\n<p class=\"link-more\"><a href=\"https:\/\/stongdal.se\/?page_id=34\" class=\"more-link\">Read more<span class=\"screen-reader-text\"> &#8220;Gustaf Rossi&#8221;<\/span><\/a><\/p>\n","protected":false},"author":1,"featured_media":18,"parent":0,"menu_order":0,"comment_status":"closed","ping_status":"closed","template":"","meta":{"inspiro_hide_title":false,"footnotes":""},"class_list":["post-34","page","type-page","status-publish","has-post-thumbnail","hentry"],"_links":{"self":[{"href":"https:\/\/stongdal.se\/index.php?rest_route=\/wp\/v2\/pages\/34","targetHints":{"allow":["GET"]}}],"collection":[{"href":"https:\/\/stongdal.se\/index.php?rest_route=\/wp\/v2\/pages"}],"about":[{"href":"https:\/\/stongdal.se\/index.php?rest_route=\/wp\/v2\/types\/page"}],"author":[{"embeddable":true,"href":"https:\/\/stongdal.se\/index.php?rest_route=\/wp\/v2\/users\/1"}],"replies":[{"embeddable":true,"href":"https:\/\/stongdal.se\/index.php?rest_route=%2Fwp%2Fv2%2Fcomments&post=34"}],"version-history":[{"count":10,"href":"https:\/\/stongdal.se\/index.php?rest_route=\/wp\/v2\/pages\/34\/revisions"}],"predecessor-version":[{"id":65,"href":"https:\/\/stongdal.se\/index.php?rest_route=\/wp\/v2\/pages\/34\/revisions\/65"}],"wp:featuredmedia":[{"embeddable":true,"href":"https:\/\/stongdal.se\/index.php?rest_route=\/wp\/v2\/media\/18"}],"wp:attachment":[{"href":"https:\/\/stongdal.se\/index.php?rest_route=%2Fwp%2Fv2%2Fmedia&parent=34"}],"curies":[{"name":"wp","href":"https:\/\/api.w.org\/{rel}","templated":true}]}}