{"id":71,"date":"2026-05-12T04:42:34","date_gmt":"2026-05-12T02:42:34","guid":{"rendered":"https:\/\/stongdal.se\/?page_id=71"},"modified":"2026-05-12T16:18:11","modified_gmt":"2026-05-12T14:18:11","slug":"turf","status":"publish","type":"page","link":"https:\/\/stongdal.se\/?page_id=71","title":{"rendered":"Turf"},"content":{"rendered":"\n<p>Turf \u00e4r ett mobilspel som g\u00e5r ut p\u00e5 att spelarna tar digitalt utlagda zoner med hj\u00e4lpa av GPS och sin mobiltelefon. Ytterligare information finns p\u00e5\u00a0<a href=\"http:\/\/turfgame.com\/\">Turfs officiella hemsida<\/a>.<\/p>\n\n\n\n<p>H\u00e4r kan du se en instruktionsfilm om hur spelet fungerar.<\/p>\n\n\n\n<figure class=\"wp-block-embed is-type-video is-provider-youtube wp-block-embed-youtube wp-embed-aspect-16-9 wp-has-aspect-ratio\"><div class=\"wp-block-embed__wrapper\">\n<iframe loading=\"lazy\" title=\"How to play Turf Outdoor Addiction\" width=\"950\" height=\"534\" src=\"https:\/\/www.youtube.com\/embed\/WTVIS0a2ZsM?feature=oembed\" frameborder=\"0\" allow=\"accelerometer; autoplay; clipboard-write; encrypted-media; gyroscope; picture-in-picture; web-share\" referrerpolicy=\"strict-origin-when-cross-origin\" allowfullscreen><\/iframe>\n<\/div><\/figure>\n\n\n\n<h2 class=\"wp-block-heading\">Kalmar Turff\u00f6rening<\/h2>\n\n\n\n<p>Under flera \u00e5r hade Stongdal Media ett n\u00e4ra samarbete med Kalmar Turff\u00f6rening. F\u00f6reningen avvecklades under 2026. H\u00e4r finns de produktioner som Stongdal Media gjorde tillsammans med f\u00f6reningen.<\/p>\n\n\n\n<p>Turf Bonanza V\u00e4stervik 2022<\/p>\n\n\n\n<p>Turf Bonanza 2016<\/p>\n\n\n\n<p>Turf Sea Challenge Kalmar 2015<\/p>\n\n\n\n<p>Turf Championship Kalmar 2014<\/p>\n","protected":false},"excerpt":{"rendered":"<p>Turf \u00e4r ett mobilspel som g\u00e5r ut p\u00e5 att spelarna tar digitalt utlagda zoner med hj\u00e4lpa av GPS och sin mobiltelefon. Ytterligare information finns p\u00e5\u00a0Turfs officiella hemsida. H\u00e4r kan du se en instruktionsfilm om hur spelet fungerar. Kalmar Turff\u00f6rening Under flera \u00e5r hade Stongdal Media ett n\u00e4ra samarbete med Kalmar Turff\u00f6rening. F\u00f6reningen avvecklades under 2026. &hellip; <\/p>\n<p class=\"link-more\"><a href=\"https:\/\/stongdal.se\/?page_id=71\" class=\"more-link\">Read more<span class=\"screen-reader-text\"> &#8220;Turf&#8221;<\/span><\/a><\/p>\n","protected":false},"author":1,"featured_media":0,"parent":0,"menu_order":0,"comment_status":"closed","ping_status":"closed","template":"","meta":{"inspiro_hide_title":false,"footnotes":""},"class_list":["post-71","page","type-page","status-publish","hentry"],"_links":{"self":[{"href":"https:\/\/stongdal.se\/index.php?rest_route=\/wp\/v2\/pages\/71","targetHints":{"allow":["GET"]}}],"collection":[{"href":"https:\/\/stongdal.se\/index.php?rest_route=\/wp\/v2\/pages"}],"about":[{"href":"https:\/\/stongdal.se\/index.php?rest_route=\/wp\/v2\/types\/page"}],"author":[{"embeddable":true,"href":"https:\/\/stongdal.se\/index.php?rest_route=\/wp\/v2\/users\/1"}],"replies":[{"embeddable":true,"href":"https:\/\/stongdal.se\/index.php?rest_route=%2Fwp%2Fv2%2Fcomments&post=71"}],"version-history":[{"count":3,"href":"https:\/\/stongdal.se\/index.php?rest_route=\/wp\/v2\/pages\/71\/revisions"}],"predecessor-version":[{"id":75,"href":"https:\/\/stongdal.se\/index.php?rest_route=\/wp\/v2\/pages\/71\/revisions\/75"}],"wp:attachment":[{"href":"https:\/\/stongdal.se\/index.php?rest_route=%2Fwp%2Fv2%2Fmedia&parent=71"}],"curies":[{"name":"wp","href":"https:\/\/api.w.org\/{rel}","templated":true}]}}